 x?
2, 3
Let a(w) = -w**3 + 9*w**2 + w - 7. Let c = -43 - -52. What are the prime factors of a(c)?
2
Let u be -16 + 7 + 4 + -5. Suppose -i = -2, 3*s - s - 54 = 4*i. Let b = u + s. List the prime factors of b.
3, 7
Let y(k) = -40*k**3 + k**2 + 23*k - 10. What are the prime factors of y(-4)?
2, 1237
Let i = -2940 - -4905. List the prime factors of i.
3, 5, 131
Let s(m) = m**2 - m + 5. Let p be s(0). Suppose -42 + 138 = 4*b. Suppose p*j - 23 = -n, 3*n - b = 3*j + 63. List the prime factors of n.
2, 7
Let v = 93 + -87. Let o(i) = -5*i + 37. What are the prime factors of o(v)?
7
Let a(w) = 31*w - 6. Let h be a(1). List the prime factors of (-5)/(h/(-440)) - -4.
2, 23
Let b = 1406 + -315. List the prime factors of b.
1091
Let y(j) = -8*j + 51. Let b be y(6). Let l(m) = m**2 + m. Let q be l(-2). Suppose 25 = q*u + b*u. What are the prime factors of u?
5
Suppose -4*u + 3*u + 3 = 0, -5*u = -2*m + 315. Suppose 63 = -h + m. What are the prime factors of h?
2, 3, 17
Let d(s) = s**3 + 2*s**2 - 3*s + 4. Let f be d(-3). Let a = -48 + 50. Suppose 4*b = f*p, -p + a*b = -5*p + 30. What are the prime factors of p?
5
Suppose 6 = 5*x + 2*a + 118, x = 3*a - 19. Let w = 3 - x. Suppose 0 = -d + w - 10. What are the prime factors of d?
3, 5
Let y = -5 + 14. Suppose y*p - 19 = 8*p. What are the prime factors of p?
19
Let a(j) = -99*j + 158. List the prime factors of a(-7).
23, 37
Suppose -4*r - 6 = 14, 2*o - 323 = 5*r. What are the prime factors of o?
149
Let k(n) = 102*n + 2. Let r be k(1). Suppose 6*a + r = 7*a. List the prime factors of a.
2, 13
Let y = -4 + 8. Suppose -b = -11 - y. Suppose -2*i = 4*f - 46, -2*f + b + 13 = 2*i. What are the prime factors of f?
3
Suppose 5*s = -5*j + 115, -j + s + 81 = 2*j. Suppose -i = -3*i - j. Let n = 24 + i. What are the prime factors of n?
11
Let c(x) = 2*x + 10. Let h be c(-3). Suppose h*l - 3*p - 44 = -p, -73 = -5*l - 2*p. What are the prime factors of l?
13
Suppose 5*n + 112 = 9*n. Let v = n + -24. List the prime factors of v.
2
Let m(s) = -44*s - 33. Let z be m(-13). Suppose 2*f + 105 - z = 0. What are the prime factors of f?
7, 31
Suppose -2 = -9*k + 79. Suppose k*y + 104 = 11*y. What are the prime factors of y?
2, 13
Suppose 5*s + 2*i + 396 = 0, 35 + 109 = -2*s + 4*i. What are the prime factors of ((-288)/14)/(s/364)?
2, 3
Let a = -1148 + 1406. List the prime factors of a.
2, 3, 43
Let z(h) = 194*h**2 + 4*h + 4. Let s be z(-1). Let g = 279 - s. List the prime factors of g.
5, 17
Let y(z) = -z**2 - 10*z + 2. Let g(n) = n - 15. Let v be g(11). Let d be v/6*-6 + -13. List the prime factors of y(d).
11
Suppose 60 = 4*k + k - 5*y, -6 = k + 5*y. Let p(z) = z**2 - 4*z - 1. Let w be p(5). Suppose w*d - k*d = -295. List the prime factors of d.
59
Suppose -4*u + 6 = -3*u. Let m = 10 - u. Suppose 6*p - 2*j - 126 = 2*p, m*j = 20. What are the prime factors of p?
2, 17
Suppose 3*s - 5*m - 396 = 0, 5*s + 3*m = 3*s + 264. What are the prime factors of s?
2, 3, 11
Suppose 5*s - 6 = -21. Let n(i) = 4*i**2 - 4*i - 4. List the prime factors of n(s).
2, 11
Suppose 2*w - 246 = -0*w - 4*k, 0 = 3*k. Let o = w - 46. What are the prime factors of o?
7, 11
Let v(z) be the second derivative of -11*z**3/2 + 47*z**2/2 - 11*z. What are the prime factors of v(-5)?
2, 53
Let w(z) = 7*z**3 + 79*z**2 + 7*z - 6. What are the prime factors of w(-5)?
3, 353
Suppose -10394 = -8*d + 6582. List the prime factors of d.
2, 1061
Suppose -65 = -5*x - 5*w, x = -2*x - 4*w + 41. Suppose -15*f = -11*f - 84. Let h = x + f. What are the prime factors of h?
2
Let g(o) = 55*o**2 - 11*o + 18. What are the prime factors of g(4)?
2, 7, 61
Suppose 2*u - 9*u + 21 = 0. Suppose 0*n + n - 52 = -4*r, u*n = 5*r + 139. List the prime factors of n.
2, 3
Let g(p) = -8*p**3 - p**2 + 1. Let v(i) = i**3 - 2*i**2 - 3*i + 5. Let l be v(2). Let j be g(l). Suppose j*q - 42 = 6*q. What are the prime factors of q?
3, 7
Let s(j) = -162*j + 79. List the prime factors of s(-11).
1861
Suppose -2*t = -6*t - 32. List the prime factors of ((-234)/t*-2)/(3/(-6)).
3, 13
Let m(t) = t**2 + 12*t + 2. Let x be m(-12). Let g(v) = 10*v + 10. Let c(z) = -z - 1. Let k(u) = x*g(u) + 22*c(u). List the prime factors of k(-17).
2
Let c(u) = u**3 - u**2 + u. Let y be c(0). Suppose 0 = 5*d - y*d - 90. Suppose 0 = -2*z + z + d. List the prime factors of z.
2, 3
Let q(k) = k - 3. Suppose 2*y = 2*m - 6, 2*m + 5*y - 8 + 2 = 0. Let z be q(m). Suppose 3*f - 2 - 28 = z. What are the prime factors of f?
2, 5
Let q(d) = -3*d - 18. Let g be q(-6). Suppose -x + 114 + 90 = g. What are the prime factors of x?
2, 3, 17
Suppose -73348 = -52*o + 8*o. List the prime factors of o.
1667
Let k(z) = 12*z - 161. List the prime factors of k(43).
5, 71
Let b(x) = 14*x - 239. What are the prime factors of b(23)?
83
Let y be (0 - 136)*(-11)/22. Let a = y - 28. What are the prime factors of a?
2, 5
Let i(z) = 6*z + 84. Let h = 79 - 73. List the prime factors of i(h).
2, 3, 5
What are the prime factors of 1/(-5) + 1386/105?
13
Let n(f) = -f**2 + f - 1. Let j be n(0). Let u be (-1)/j*(-24)/2. What are the prime factors of -2*2*15/u?
5
Let o(s) = 2*s**3 - 5*s**2 - 4*s + 6. Let k be o(4). Let g = 221 - 221. Suppose -m + g*m = -k. List the prime factors of m.
2, 19
What are the prime factors of (-1477 + (-4)/1)/((-4)/4)?
1481
Suppose -4*j + 42 = 3*c, 0 = 3*c - j + 11 - 38. Suppose 492 + 508 = c*i. List the prime factors of i.
2, 5
Let s(m) be the third derivative of -m**6/120 - 17*m**5/60 + m**4/2 - 4*m**3 + 4*m**2. What are the prime factors of s(-18)?
2, 3, 7
Let q = 7460 - 4026. What are the prime factors of q?
2, 17, 101
Let p = -954 + 3648. What are the prime factors of p?
2, 3, 449
Suppose 0*n - 15 = -5*n. Suppose n = -o + 7. Suppose -2*h + 116 = 5*k, -o*k + 45 + 53 = -h. What are the prime factors of k?
2, 3
Suppose -w + 6 = 4*a + 2, 4*w = -3*a + 16. Let l = 21 + a. List the prime factors of l.
3, 7
Suppose -9*n = -47544 - 10146. What are the prime factors of n?
2, 5, 641
Let s be 207/27 - (-2)/6. Let q = s + -11. Let n = 8 + q. What are the prime factors of n?
5
Let o(v) be the first derivative of -v**4/4 + 8*v**3/3 - 5*v**2 + 6*v + 2. Let w be o(6). List the prime factors of (9/w)/(1/20).
2, 5
List the prime factors of 322/(-207)*(-14067)/6.
7, 521
What are the prime factors of 508 + (-7)/14*6?
5, 101
Suppose -4*q = q + 2*k - 5215, q + 3*k = 1056. List the prime factors of q.
3, 347
What are the prime factors of ((-11)/(-4))/(1047/(-524) + 2)?
11, 131
Let v = -846 + 817. Let d(o) = o + 10. Let u be d(0). Let j = u - v. List the prime factors of j.
3, 13
Let s = -2 + 4. Let c be -6 - -85 - 1*s. Suppose -5*l + 3*l - 2*g + 38 = 0, 5*g = -4*l + c. List the prime factors of l.
2, 3
Let x(z) = z**2 - z + 1. Let c be x(-9). Suppose 3*w - 2*w - c = 0. Suppose 4*t - 25 - w = 0. What are the prime factors of t?
29
Suppose 4*g - 2*g = -272. Let p = -97 - g. Suppose -109 = -5*k - p. What are the prime factors of k?
2, 7
Let f(b) = -15*b. Let c be f(-3). Suppose -2*n - 49 = 5*h + 2*n, -4*h = 2*n + 38. Let y = h + c. List the prime factors of y.
2, 3
Let b(q) = 18*q**2 + 3*q. Suppose 4*k - 5*k + 1 = -a, 0 = -5*a - 2*k - 12. List the prime factors of b(a).
2, 3, 11
Let r(x) = 133*x + 37. List the prime factors of r(6).
5, 167
Suppose 3*a - 1992 = -a + 4*h, 4*h + 1497 = 3*a. List the prime factors of a.
3, 5, 11
Suppose -8 = 3*d - 17. Suppose -d*q + 0*f - 7 = -f, -2*f = -q - 4. List the prime factors of 37 + -1 + (q - 0).
2, 17
What are the prime factors of 2/(-21) + 1514*220/210?
2, 13, 61
Suppose -4*w + 261 = -179. What are the prime factors of w?
2, 5, 11
Suppose 0 = -l + 3*l - o - 11, -5*o + 5 = 5*l. Suppose 49 = -l*z + 437. What are the prime factors of z?
97
Let u(x) = 39*x + 256. List the prime factors of u(14).
2, 401
Let g be (-2)/(-3)*(26 - 20). Suppose 5*i + 4*o - 170 = 6*o, -g*i - 2*o = -136. List the prime factors of i.
2, 17
Let f(l) = 3*l + 29. Let c(m) = 2*m**2 - 3*m - 3. Let s be c(3). What are the prime factors of f(s)?
47
Let x be 224/8 + (-2 - 1). Suppose x = 5*n - 4*o, 6*o + 20 = 5*n + o. What are the prime factors of n?
3
Let c = 3 + 3. Suppose -j = 3*v - 25, 0 = -j - 4*v + 19 + c. What are the prime factors of j?
5
Suppose i = -3*r + 3811, 3*r + 6*i - 10*i = 3806. List the prime factors of r.
2, 5, 127
Suppose 3880 = v + 7*v. Wh